- 5a91?
-615b
In base 7, what is -30 + -1312334624?
-1312334654
In base 5, what is 21111 - 3003330?
-2432214
In base 10, what is 68 + -1603468?
-1603400
In base 3, what is -111102200220 + 1100021?
-111101100122
In base 8, what is 10 + -1467266?
-1467256
In base 5, what is 120013 - -232204?
402222
In base 8, what is 334663 - 243?
334420
In base 15, what is 5 - 15e40952?
-15e4094c
In base 4, what is 22130320310133 + 0?
22130320310133
In base 7, what is -402 - -5223?
4521
In base 8, what is -16 + -36014765?
-36015003
In base 13, what is -4a2834b + 2?
-4a28349
In base 10, what is -605069 - -7?
-605062
In base 8, what is 20547 - -1076?
21645
In base 15, what is -41 + -360543?
-360584
In base 14, what is -ca4384 - 1c?
-ca43a2
In base 5, what is 1421020 - -234?
1421304
In base 13, what is a - a2cc83?
-a2cc76
In base 13, what is 6 - -667c495?
667c49b
In base 15, what is -24 + -b895?
-b8b9
In base 3, what is 112220121101112 - -2?
112220121101121
In base 14, what is -49c41b - -3?
-49c418
In base 5, what is 4314344324 + 114?
4314344443
In base 2, what is 10010011100 - 1111100100001111?
-1111010001110011
In base 14, what is 179 - -66cc9?
67064
In base 8, what is 470421175 - 2?
470421173
In base 5, what is 22201 + -140041?
-112340
In base 2, what is -1010000 + 1010001101101110?
1010001100011110
In base 16, what is -2a9b + -7c?
-2b17
In base 7, what is -2 + -3020034026?
-3020034031
In base 6, what is -10313051 - -3325?
-10305322
In base 16, what is 3 + -24876e?
-24876b
In base 5, what is -13413302 + 241?
-13413011
In base 8, what is 4 - -265262765?
265262771
In base 12, what is 12b - 2928?
-27b9
In base 5, what is 333342 - -1034122?
1423014
In base 16, what is -a + 5365c?
53652
In base 14, what is -3855 + 2a6b3?
26c5c
In base 16, what is -1eb396 + -c?
-1eb3a2
In base 2, what is -1110101101 - -100011000001111?
100001001100010
In base 12, what is b85 - -1b24?
2aa9
In base 11, what is -3 - -20407411?
20407409
In base 10, what is -1 - -2916263?
2916262
In base 13, what is -7 - 2810554?
-281055b
In base 8, what is -117016 - -221?
-116575
In base 11, what is -56 - -3047060?
3047005
In base 10, what is -46730 + 96?
-46634
In base 10, what is 87 - -24769?
24856
In base 13, what is 4ac7 + -125?
49a2
In base 11, what is -2a62aa + -13?
-2a6312
In base 3, what is 120000220120120221 + -1?
120000220120120220
In base 14, what is -469d58b - -3?
-469d588
In base 15, what is 1 + -273880b?
-273880a
In base 7, what is 2 - 154362504?
-154362502
In base 15, what is -4 + -632137?
-63213b
In base 15, what is 1c + 2c6521?
2c653d
In base 3, what is 112101020021021 + -200?
112101020020121
In base 3, what is 110110110001112121 + -2?
110110110001112112
In base 5, what is 14343013234 + 10?
14343013244
In base 8, what is -104 + -2001711?
-2002015
In base 15, what is -d6 - -2651b?
26435
In base 14, what is dd + 1cad8?
1cbd7
In base 5, what is 2010 + 122132234?
122134244
In base 2, what is 10101001011 - 100100001001111?
-100001100000100
In base 14, what is -bddc - -b8?
-bd24
In base 14, what is 63c2d2 + 0?
63c2d2
In base 7, what is -54550046 - -10?
-54550036
In base 16, what is 222c3 - 101b?
212a8
In base 5, what is -2303340132123 + -10?
-2303340132133
In base 5, what is -1 - 2214244204?
-2214244210
In base 2, what is 101000010111010 + 111110011001100?
1100110110000110
In base 8, what is 754 - -43271?
44245
In base 10, what is -2260 - 655?
-2915
In base 8, what is -11114774 - 1?
-11114775
In base 5, what is -31441 + -321422?
-403413
In base 5, what is 1043302332 + -102?
1043302230
In base 10, what is 478 - 40594?
-40116
In base 14, what is 2b - a614a7?
-a6147a
In base 8, what is -113456 + 1355?
-112101
In base 7, what is -12114 - -3134?
-5650
In base 11, what is 77 + -209682?
-209606
In base 5, what is 143233241 - -113?
143233404
In base 15, what is -95 - 1a8c0?
-1a965
In base 10, what is 13056 - 36?
13020
In base 9, what is 8418584 + -47?
8418536
In base 14, what is 3ba2 + -16d39?
-13177
In base 6, what is -412355 + -1052?
-413451
In base 16, what is 271bb7 - -31?
271be8
In base 10, what is -39 - -260781?
260742
In base 10, what is 36 - -169502?
169538
In base 4, what is -211033230032020 - -10?
-211033230032010
In base 3, what is 1200102012221212 + 1010?
1200102012222222
In base 9, what is -1 - 10552085?
-10552086
In base 9, what is 3 - -4208185?
4208188
In base 8, what is -2005434 - 66?
-2005522
In base 4, what is 11122301203 - 3?
11122301200
In base 8, what is 1 - 6777502?
-6777501
In base 8, what is 132 - 5406113?
-5405761
In base 6, what is -3314520 + 1?
-3314515
In base 3, what is 2112100210221221 - -2?
2112100210222000
In base 7, what is -3303423 + -2?
-3303425
In base 8, what is 5135773 + 43?
5136036
In base 15, what is -1ebb1c + -6?
-1ebb23
In base 4, what is -2310232 - 11122?
-2322020
In base 14, what is -a2a13 - 5a?
-a2a6d
In base 7, what is -1303 + -41650?
-43253
In base 3, what is 1011101 - 10220010220?
-10211222112
In base 16, what is -3 - d25c3e?
-d25c41
In base 7, what is 164 - 1104642?
-1104445
In base 12, what is b + 51bb4a?
51bb59
In base 9, what is -556 + 155813?
155246
In base 4, what is 22123 - -2022313111?
2023001300
In base 4, what is 22130132300302 + 2?
22130132300310
In base 7, what is -31514 - 33335?
-65152
In base 3, what is -10122 - -12001112001021?
12001111220122
In base 8, what is -135554 + -16?
-135572
In base 15, what is 35a91 - -60?
35b01
In base 16, what is 7e + 5728?
57a6
In base 12, what is 74206 - 2308?
71aba
In base 14, what is -1ca182d + 0?
-1ca182d
In base 14, what is 958cb - -1?
958cc
In base 10, what is -2410342 + 1?
-2410341
In base 15, what is -16 + -1996d44?
-1996d5a
In base 12, what is 0 + 107312a?
107312a
In base 2, what is -1000001001010 + -1000001001100111111?
-1000010001110001001
In base 2, what is 11111010010010111010 - 101110001?
11111010001101001001
In base 10, what is -3778271 + -13?
-3778284
In base 10, what is 9176 + -29269?
-20093
In base 14, what is 2 + 307a44?
307a46
In base 3, what is -100000021022 - 212012?
-100001010111
In base 8, what is 1067567305 - -4?
1067567311
In base 2, what is 1100101011001011101100001 - 101?
1100101011001011101011100
In base 8, what is 11 + -354047753?
-354047742
In base 8, what is -11276 - -231315?
220017
In base 15, what is -60015 - c73?
-60c88
In base 9, what is -16173 + 2833?
-13240
In base 13, what is 3 - -66671?
66674
In base 16, what is b41866 + -4?
b41862
In base 3, what is 1010011022 + 20022222?
1100111021
In base 16, what is 16 - -18eeaa?
18eec0
In base 15, what is 40 + -5bbb?
-5b7b
In base 15, what is 3e19e + d7?
3e286
In base 10, what is -2 - 324861163?
-324861165
In base 2, what is 111010111 + -1011011000100111?
-1011010001010000
In base 10, what is 387 - 79474?
-79087
In base 10, what is -21 + -78481?
-78502
In base 13, what is 22 - -78767b6?
7876808
In base 9, what is 27400840 + 2?
27400842
In base 2, what is 100011101 - 101011101101010011?
-101011101000110110
In base 2, what is 111 + 1111010000000101010100?
1111010000000101011011
In base 3, what is -2 - -120010011201112111?
120010011201112102
In base 11, what is -58a4 - 542?
-6336
In base 8, what is 15373 + -1001?
14372
In base 4, what is -220 - 13032121100?
-13032121320
In base 4, what is -10 + 11000011230202?
11000011230132
In base 16, what is ac9 + 572f?
61f8
In base 12, what is -30887a - -121?
-308759
In base 13, what is 1a323 + 2c49?
2026c
In base 8, what is -15221 + 11122?
-4077
In base 8, what is 42047574 - 14?
42047560
In base 16, what is 11106 - -49?
1114f
In base 16, what is 5387681 + 5?
5387686
In base 12, what is 1974a7 + -1b3?
1972b4
In base 16, what is 8 + c3725?
c372d
In base 3, what is -201001011000111 + 1010?
-201001010222101
In base 12, what is -17 - 588b0b3?
-588b10a
In base 12, what is -2 - -6386a81?
6386a7b
In base 7, what is 24 + 51652166?
51652223
In base 13, what is -39b651 - -1b?
-39b633
In base 4, what is -1 + -3322303030033?
-3322303030100
In base 6, what is -20354051 + -300?
-20354351
In base 9, what is 2411661600 - -4?
2411661604
In base 10, what is -13473 + -170?
-13643
In base 2, what is 1010110 + 11110011100011101?
11110011101110011
In base 8, what is -222035 - 736?
-222773
In base 11, what is -51 + 644378?
644327
In base 14, what is 12b89 - 14b?
12a3c
In base 4, what is 110012203 - -1213?
110020022
